{"id":3,"date":"2023-06-16T14:02:09","date_gmt":"2023-06-16T14:02:09","guid":{"rendered":"http:\/\/zieloneogrzewanie.eu\/?page_id=3"},"modified":"2023-08-20T11:49:19","modified_gmt":"2023-08-20T11:49:19","slug":"privacy-policy","status":"publish","type":"page","link":"https:\/\/zieloneogrzewanie.eu\/index.php\/privacy-policy\/","title":{"rendered":"POLITYKA PRYWATNO\u015aCI"},"content":{"rendered":"\t\t<div data-elementor-type=\"wp-page\" data-elementor-id=\"3\" class=\"elementor elementor-3\" data-elementor-post-type=\"page\">\n\t\t\t\t\t\t<section class=\"elementor-section elementor-top-section elementor-element elementor-element-6dd8d75 elementor-section-boxed elementor-section-height-default elementor-section-height-default\" data-id=\"6dd8d75\" data-element_type=\"section\" data-e-type=\"section\">\n\t\t\t\t\t\t<div class=\"elementor-container elementor-column-gap-default\">\n\t\t\t\t\t<div class=\"elementor-column elementor-col-100 elementor-top-column elementor-element elementor-element-84fa559\" data-id=\"84fa559\" data-element_type=\"column\" data-e-type=\"column\">\n\t\t\t<div class=\"elementor-widget-wrap\">\n\t\t\t\t\t\t\t<\/div>\n\t\t<\/div>\n\t\t\t\t\t<\/div>\n\t\t<\/section>\n\t\t\t\t<section class=\"elementor-section elementor-top-section elementor-element elementor-element-6141fb8 elementor-section-boxed elementor-section-height-default elementor-section-height-default\" data-id=\"6141fb8\" data-element_type=\"section\" data-e-type=\"section\" data-settings=\"{&quot;background_background&quot;:&quot;classic&quot;}\">\n\t\t\t\t\t\t<div class=\"elementor-container elementor-column-gap-default\">\n\t\t\t\t\t<div class=\"elementor-column elementor-col-100 elementor-top-column elementor-element elementor-element-9de8b2e\" data-id=\"9de8b2e\" data-element_type=\"column\" data-e-type=\"column\">\n\t\t\t<div class=\"elementor-widget-wrap elementor-element-populated\">\n\t\t\t\t\t\t<div class=\"elementor-element elementor-element-7dc9d70 elementor-invisible elementor-widget elementor-widget-heading\" data-id=\"7dc9d70\" data-element_type=\"widget\" data-e-type=\"widget\" data-settings=\"{&quot;_animation&quot;:&quot;fadeInDown&quot;}\" data-widget_type=\"heading.default\">\n\t\t\t\t<div class=\"elementor-widget-container\">\n\t\t\t\t\t<h4 class=\"elementor-heading-title elementor-size-xl\">Polityka prywatnosci<\/h4>\t\t\t\t<\/div>\n\t\t\t\t<\/div>\n\t\t\t\t<div class=\"elementor-element elementor-element-e7a7b60 elementor-invisible elementor-widget elementor-widget-heading\" data-id=\"e7a7b60\" data-element_type=\"widget\" data-e-type=\"widget\" data-settings=\"{&quot;_animation&quot;:&quot;fadeInDown&quot;}\" data-widget_type=\"heading.default\">\n\t\t\t\t<div class=\"elementor-widget-container\">\n\t\t\t\t\t<h2 class=\"elementor-heading-title elementor-size-default\">Klauzula informacyjna o posiadanych danych osobowych <br>w portalu zieloneogrzewanie.eu <\/h2>\t\t\t\t<\/div>\n\t\t\t\t<\/div>\n\t\t\t\t<div class=\"elementor-element elementor-element-671219f elementor-widget-divider--view-line_icon elementor-view-default elementor-widget-divider--element-align-center elementor-invisible elementor-widget elementor-widget-divider\" data-id=\"671219f\" data-element_type=\"widget\" data-e-type=\"widget\" data-settings=\"{&quot;_animation&quot;:&quot;fadeInDown&quot;}\" data-widget_type=\"divider.default\">\n\t\t\t\t<div class=\"elementor-widget-container\">\n\t\t\t\t\t\t\t<div class=\"elementor-divider\">\n\t\t\t<span class=\"elementor-divider-separator\">\n\t\t\t\t\t\t\t<div class=\"elementor-icon elementor-divider__element\">\n\t\t\t\t\t<i aria-hidden=\"true\" class=\"fas fa-leaf\"><\/i><\/div>\n\t\t\t\t\t\t<\/span>\n\t\t<\/div>\n\t\t\t\t\t\t<\/div>\n\t\t\t\t<\/div>\n\t\t\t\t\t<\/div>\n\t\t<\/div>\n\t\t\t\t\t<\/div>\n\t\t<\/section>\n\t\t\t\t<section class=\"elementor-section elementor-top-section elementor-element elementor-element-397ca610 elementor-section-boxed elementor-section-height-default elementor-section-height-default\" data-id=\"397ca610\" data-element_type=\"section\" data-e-type=\"section\">\n\t\t\t\t\t\t<div class=\"elementor-container elementor-column-gap-default\">\n\t\t\t\t\t<div class=\"elementor-column elementor-col-100 elementor-top-column elementor-element elementor-element-3a3052ec\" data-id=\"3a3052ec\" data-element_type=\"column\" data-e-type=\"column\">\n\t\t\t<div class=\"elementor-widget-wrap elementor-element-populated\">\n\t\t\t\t\t\t<div class=\"elementor-element elementor-element-45fcfb70 elementor-widget__width-initial elementor-widget elementor-widget-text-editor\" data-id=\"45fcfb70\" data-element_type=\"widget\" data-e-type=\"widget\" data-widget_type=\"text-editor.default\">\n\t\t\t\t<div class=\"elementor-widget-container\">\n\t\t\t\t\t\t\t\t\t<p><\/p>\n<p>W zwi\u0105zku z wej\u015bciem w \u017cycie od 25 maja 2018 roku i obowi\u0105zywaniem ustawy z dn. 29 sierpnia 1997 r. o ochronie danych osobowych (tekst jedn. z dnia 13.06. 2016 r., Dz. U. 2016 r. poz. 922) oraz zgodnie z art. 28 Rozporz\u0105dzenia Parlamentu Europejskiego i Rady (UE) 2016\/679 z dnia 27 kwietnia 2016 r. w sprawie ochrony os\u00f3b fizycznych w zwi\u0105zku z przetwarzaniem danych osobowych i w sprawie swobodnego przep\u0142ywu takich danych oraz uchylenia dyrektywy 95\/46\/WE (og\u00f3lne rozporz\u0105dzenie o ochronie danych) informujemy jakie w zwi\u0105zku z tym przys\u0142uguj\u0105 Pa\u0144stwu prawa i w jakim celu przetwarzamy Pa\u0144stwa dane osobowe.<\/p>\n<p>\u00a0<\/p>\n<p><\/p>\n<p>Administratorem danych osobowych Klient\u00f3w oraz Os\u00f3b kontaktowych jest MJ Group, do , kt\u00f3rej nale\u017cy portal zieloneorzewanie.eu, jednocze\u015bnie nie powo\u0142uj\u0105c Administratora Bezpiecze\u0144stwa Informacji.<\/p>\n<p>\u00a0<\/p>\n<p><\/p>\n<p>Dane osobowe Klient\u00f3w i Os\u00f3b kontaktowych mog\u0105 by\u0107 przetwarzane przez Administratora w nast\u0119puj\u0105cych celach:<\/p>\n<p><\/p>\n<p><\/p>\n<p><\/p>\n<p><p class=\"wp-block-site-tagline\">Tw&oacute;j Zaufany Broker Biomasy<\/p><\/p>\t\t\t\t\t\t\t\t<\/div>\n\t\t\t\t<\/div>\n\t\t\t\t\t<\/div>\n\t\t<\/div>\n\t\t\t\t\t<\/div>\n\t\t<\/section>\n\t\t\t\t<section class=\"elementor-section elementor-top-section elementor-element elementor-element-defb75c elementor-section-boxed elementor-section-height-default elementor-section-height-default\" data-id=\"defb75c\" data-element_type=\"section\" data-e-type=\"section\">\n\t\t\t\t\t\t<div class=\"elementor-container elementor-column-gap-default\">\n\t\t\t\t\t<div class=\"elementor-column elementor-col-100 elementor-top-column elementor-element elementor-element-08f4e17\" data-id=\"08f4e17\" data-element_type=\"column\" data-e-type=\"column\">\n\t\t\t<div class=\"elementor-widget-wrap elementor-element-populated\">\n\t\t\t\t\t\t<div class=\"elementor-element elementor-element-9b671c9 elementor-widget__width-initial elementor-widget elementor-widget-text-editor\" data-id=\"9b671c9\" data-element_type=\"widget\" data-e-type=\"widget\" data-widget_type=\"text-editor.default\">\n\t\t\t\t<div class=\"elementor-widget-container\">\n\t\t\t\t\t\t\t\t\t<p><\/p>\n<div class=\"eael-feature-list-content-box\">\n<p>&#8211; czynno\u015bci zmierzaj\u0105cych do zawarcia umowy handlowej, w\u0142\u0105czaj\u0105c w to przypadki, kiedy do zawarcia tej umowy wymagane s\u0105 dane osoby dzia\u0142aj\u0105cej w interesie i w imieniu Klienta, odpowiadania na zapytania zwi\u0105zane z asortymentem towarowym oferowanym przez MJ Group.<\/p>\n<p>\u00a0<\/p>\n<p>&#8211; realizacji obowi\u0105zk\u00f3w prawnych spoczywaj\u0105cych na Administratorze wynikaj\u0105cych m.in. z przepis\u00f3w prawa podatkowego i przepis\u00f3w o rachunkowo\u015bci.<\/p>\n<p>\u00a0<\/p>\n<\/div>\n<p>&#8211; przypadkach weryfikacji czy dana osoba fizyczna jest osob\u0105 uprawniona do reprezentowania Klienta, w szczeg\u00f3lno\u015bci, je\u017celi osoba taka zaci\u0105ga zobowi\u0105zania w imieniu Klienta np. dokonuj\u0105c odbioru ilo\u015bciowego, jako\u015bciowego w imieniu Klienta na podstawie posiadanego upowa\u017cnienia lub dochodzenia roszcze\u0144 z tytu\u0142u wykonywania um\u00f3w handlowych oraz ochrony przed takimi roszczeniami.<\/p>\n<p>\u00a0<\/p>\n<p class=\"eael-feature-list-content\">&#8211; prowadzenia marketingu bezpo\u015bredniego w\u0142asnych produkt\u00f3w i utrzymywania relacji biznesowych pomi\u0119dzy Klientem i Sp\u00f3\u0142k\u0105 w ramach prowadzonej dzia\u0142alno\u015bci gospodarczej.<\/p>\n<p><\/p>\n<p><\/p>\n<p><\/p>\n<p><p class=\"wp-block-site-tagline\">Tw&oacute;j Zaufany Broker Biomasy<\/p><\/p>\t\t\t\t\t\t\t\t<\/div>\n\t\t\t\t<\/div>\n\t\t\t\t\t<\/div>\n\t\t<\/div>\n\t\t\t\t\t<\/div>\n\t\t<\/section>\n\t\t\t\t<section class=\"elementor-section elementor-top-section elementor-element elementor-element-0aa1a75 elementor-section-boxed elementor-section-height-default elementor-section-height-default\" data-id=\"0aa1a75\" data-element_type=\"section\" data-e-type=\"section\">\n\t\t\t\t\t\t<div class=\"elementor-container elementor-column-gap-default\">\n\t\t\t\t\t<div class=\"elementor-column elementor-col-100 elementor-top-column elementor-element elementor-element-888c02f\" data-id=\"888c02f\" data-element_type=\"column\" data-e-type=\"column\">\n\t\t\t<div class=\"elementor-widget-wrap elementor-element-populated\">\n\t\t\t\t\t\t<div class=\"elementor-element elementor-element-b7494c6 elementor-widget__width-initial elementor-widget elementor-widget-text-editor\" data-id=\"b7494c6\" data-element_type=\"widget\" data-e-type=\"widget\" data-widget_type=\"text-editor.default\">\n\t\t\t\t<div class=\"elementor-widget-container\">\n\t\t\t\t\t\t\t\t\t<p><\/p>\n<p>Podstaw\u0105 przetwarzania danych jest prawnie uzasadniony interes Administratora danych.<br \/>W przypadku przetwarzania danych osobowych przy czynno\u015bciach zmierzaj\u0105cych do zawarcia takich um\u00f3w Administrator przetwarza nast\u0119puj\u0105ce informacje: nazwa firmy, imi\u0119 i nazwisko Klienta, adresy dostaw towar\u00f3w wskazanych przez Klienta, numer NIP, numer rachunku bankowego, podpis Klienta lub osoby przez niego upowa\u017cnionej na dokumentach wymagaj\u0105cych podpisu, adres e-mail podany do korespondencji, numer telefonu kontaktowego, histori\u0119 przesy\u0142ania zapytania ofertowe i zapytania o produkty.<\/p>\n<p><\/p>\n<p><\/p>\n<p><\/p>\n<p><p class=\"wp-block-site-tagline\">Tw&oacute;j Zaufany Broker Biomasy<\/p><\/p>\t\t\t\t\t\t\t\t<\/div>\n\t\t\t\t<\/div>\n\t\t\t\t\t<\/div>\n\t\t<\/div>\n\t\t\t\t\t<\/div>\n\t\t<\/section>\n\t\t\t\t<section class=\"elementor-section elementor-top-section elementor-element elementor-element-b3b88e0 elementor-section-boxed elementor-section-height-default elementor-section-height-default\" data-id=\"b3b88e0\" data-element_type=\"section\" data-e-type=\"section\" data-settings=\"{&quot;background_background&quot;:&quot;classic&quot;}\">\n\t\t\t\t\t\t<div class=\"elementor-container elementor-column-gap-default\">\n\t\t\t\t\t<div class=\"elementor-column elementor-col-100 elementor-top-column elementor-element elementor-element-da5b28c\" data-id=\"da5b28c\" data-element_type=\"column\" data-e-type=\"column\">\n\t\t\t<div class=\"elementor-widget-wrap elementor-element-populated\">\n\t\t\t\t\t\t<div class=\"elementor-element elementor-element-85306ad elementor-widget-divider--view-line_icon elementor-view-default elementor-widget-divider--element-align-center elementor-invisible elementor-widget elementor-widget-divider\" data-id=\"85306ad\" data-element_type=\"widget\" data-e-type=\"widget\" data-settings=\"{&quot;_animation&quot;:&quot;fadeInDown&quot;}\" data-widget_type=\"divider.default\">\n\t\t\t\t<div class=\"elementor-widget-container\">\n\t\t\t\t\t\t\t<div class=\"elementor-divider\">\n\t\t\t<span class=\"elementor-divider-separator\">\n\t\t\t\t\t\t\t<div class=\"elementor-icon elementor-divider__element\">\n\t\t\t\t\t<i aria-hidden=\"true\" class=\"fas fa-leaf\"><\/i><\/div>\n\t\t\t\t\t\t<\/span>\n\t\t<\/div>\n\t\t\t\t\t\t<\/div>\n\t\t\t\t<\/div>\n\t\t\t\t\t<\/div>\n\t\t<\/div>\n\t\t\t\t\t<\/div>\n\t\t<\/section>\n\t\t\t\t<\/div>\n\t\t","protected":false},"excerpt":{"rendered":"<p>Polityka prywatnosci Klauzula informacyjna o posiadanych danych osobowych w portalu zieloneogrzewanie.eu W zwi\u0105zku z wej\u015bciem w \u017cycie od 25 maja 2018 roku i obowi\u0105zywaniem ustawy z dn. 29 sierpnia 1997 r. o ochronie danych osobowych (tekst jedn. z dnia 13.06. 2016 r., Dz. U. 2016 r. poz. 922) oraz zgodnie z art. 28 Rozporz\u0105dzenia Parlamentu Europejskiego i Rady (UE) 2016\/679 [&hellip;]<\/p>\n","protected":false},"author":1,"featured_media":0,"parent":0,"menu_order":0,"comment_status":"closed","ping_status":"closed","template":"","meta":{"_acf_changed":false,"_eb_attr":"","om_disable_all_campaigns":false,"_exactmetrics_skip_tracking":false,"_exactmetrics_sitenote_active":false,"_exactmetrics_sitenote_note":"","_exactmetrics_sitenote_category":0,"_monsterinsights_skip_tracking":false,"_monsterinsights_sitenote_active":false,"_monsterinsights_sitenote_note":"","_monsterinsights_sitenote_category":0,"_uf_show_specific_survey":0,"_uf_disable_surveys":false,"two_page_speed":[],"footnotes":""},"class_list":["post-3","page","type-page","status-publish","hentry"],"acf":[],"aioseo_notices":[],"jetpack_sharing_enabled":true,"_links":{"self":[{"href":"https:\/\/zieloneogrzewanie.eu\/index.php\/wp-json\/wp\/v2\/pages\/3"}],"collection":[{"href":"https:\/\/zieloneogrzewanie.eu\/index.php\/wp-json\/wp\/v2\/pages"}],"about":[{"href":"https:\/\/zieloneogrzewanie.eu\/index.php\/wp-json\/wp\/v2\/types\/page"}],"author":[{"embeddable":true,"href":"https:\/\/zieloneogrzewanie.eu\/index.php\/wp-json\/wp\/v2\/users\/1"}],"replies":[{"embeddable":true,"href":"https:\/\/zieloneogrzewanie.eu\/index.php\/wp-json\/wp\/v2\/comments?post=3"}],"version-history":[{"count":33,"href":"https:\/\/zieloneogrzewanie.eu\/index.php\/wp-json\/wp\/v2\/pages\/3\/revisions"}],"predecessor-version":[{"id":2628,"href":"https:\/\/zieloneogrzewanie.eu\/index.php\/wp-json\/wp\/v2\/pages\/3\/revisions\/2628"}],"wp:attachment":[{"href":"https:\/\/zieloneogrzewanie.eu\/index.php\/wp-json\/wp\/v2\/media?parent=3"}],"curies":[{"name":"wp","href":"https:\/\/api.w.org\/{rel}","templated":true}]}}